*3. Calculate s(-6).
-4
Let s(m) be the third derivative of -m**4/3 - 19*m**3 + 4*m**2 - 7*m. What is s(-15)?
6
Let b = -26 + 46. Let n = b + -10. Let c(l) = -23*l - 143. Let m(d) = 10*d + 60. Let z(t) = 3*c(t) + 7*m(t). Give z(n).
1
Let w(d) be the second derivative of -d**4/12 + 7*d**3/6 - 3*d**2/2 + 2*d. Suppose 0 = -74987*k + 74999*k - 96. Give w(k).
-11
Let g(a) = a**3 - a**2 - 17*a + 4. Let i(s) = 92*s + 372. Let k be i(-4). Calculate g(k).
-16
Suppose -6*l + 25 = -4*l + 3*r, 3*r + 52 = 5*l. Let k be (-3 - 3 - -3) + l. Suppose k = -3*c + 5. Let h(j) = -4*j**3. What is h(c)?
4
Let o(n) = 33*n**3 - 7*n**2 + 3*n - 8. Let r(v) = 25*v**3 - 6*v**2 + 2*v - 6. Let k(s) = -3*o(s) + 4*r(s). Suppose -6*b = -2*b - 12. What is k(b)?
-3
Let f = -1045 - -1033. Let c(k) = -2*k**2 - 27*k - 21. Give c(f).
15
Let s(b) = -b**2 - 5*b - 6. Let n(z) = -3*z**2 - 9*z - 14. Let o = 88 + -90. Let y(v) = o*n(v) + 5*s(v). What is y(7)?
-2
Let c(o) = o**3 - 7*o**2 + 13*o - 9. Suppose 102 = -3011*u + 3028*u. Determine c(u).
33
Let q(w) = w**2 + 8*w - 9. Suppose 22*v - 56*v + 18*v - 144 = 0. Give q(v).
0
Let r(f) be the third derivative of -f**4/12 + f**2. Suppose 0 = -123*l + 36568 - 36445. What is r(l)?
-2
Let d(l) = -8*l - 25. Let c(h) = -h + 3. Let f(y) = -5*c(y) + d(y). Give f(-21).
23
Let r(v) = 2*v - 2. Suppose 6*t = 4*t + 166. Suppose -2*y - t - 21 = 0. Let k = -54 - y. What is r(k)?
-6
Let x(r) be the first derivative of r**3/3 + 11*r**2 + 66*r + 3042. Determine x(-5).
-19
Let w(h) = -4*h**3 + h. Let s = 2 - 3. Let l be w(s). Let o(j) = -j**2 - 203 + 97 + 104 + 3*j. Determine o(l).
-2
Let g(u) = -u**2 - 7*u + 1. Let w(n) = n**3 + 8*n**2 + 10*n + 13. Let b = 24 - 8. Suppose -y - 5*m - 22 = 0, y - 4*m + b = -3*y. Let x be w(y). Calculate g(x).
-7
Let f(r) be the second derivative of r**6/720 + r**5/15 + 5*r**4/6 + r**3/2 + 142*r. Let c(y) be the third derivative of f(y). Determine c(-6).
2
Let m(z) = z**3 - 2*z**2 - 3*z - 4. Let c(f) = -1846*f + 9230. Let i be c(5). What is m(i)?
-4
Let r be (0 - -2)/(7/(-4) - -2). Let p(b) = 135*b**2 + 137*b**2 + 142*b**2 - 3 + 141*b**2 + 8*b - 556*b**2. Give p(r).
-3
Let l(q) = 2*q - 46. Suppose 7*m + 1258 = 18*m + 63*m. Give l(m).
-12
Suppose 0*p = -l - 4*p + 10, l - 2*p + 2 = 0. Suppose 0 = 2*g - l*v - 6, 0 = -g - 2*g + 4*v + 11. Let t(o) = 17*o + 1. Calculate t(g).
18
Suppose -4 = w + 5. Let m(u) = -u**3 - 17*u**2 - 3*u. Let z(r) = -2*r**3 - 36*r**2 - 7*r - 2. Let p(f) = 9*m(f) - 4*z(f). Give p(w).
-1
Let n(x) = x**3 - 3*x**2 - 10*x + 26. Suppose -231*q + 73*q + 199 = -433. What is n(q)?
2
Let l(z) = z**2 - 6. Let b(c) = -8*c**2 + 12*c + 44. Let x(a) = 5*b(a) + 35*l(a). What is x(12)?
10
Let l(a) be the second derivative of 10*a - 1/6*a**3 - a**2 + 2. Determine l(9).
-11
Let y(d) = d**2 - 2*d + 1. Let s(w) be the second derivative of 5*w**4/12 + w**3 - w**2/2 + 311*w. Let i be s(-1). Calculate y(i).
9
Suppose 2*u - 3*l + 2*l + 12 = 0, 2*u - 5*l = 4. Let g(o) be the second derivative of -o**4/12 - 4*o**3/3 + 5*o**2/2 - 16*o. Calculate g(u).
5
Let h(r) = r + 1. Suppose 0 = -2*q + 5*w - 65 + 20, -3*w + 55 = -4*q. Suppose 0 = -8*j + 9*j + 8. Let o = q - j. Calculate h(o).
-1
Let j(d) = 5*d**2 + 2*d - 2. Let s be j(1). Suppose -5*q = -10, 0 = 4*n + s*q - 11 - 11. Let a(y) = y**3 + 4 - 9*y + n*y**2 - y**2 + 0*y**2 - 9*y**2. Give a(8).
-4
Let q(o) = -197*o - 34. Let u(n) = 132*n + 33. Let b(m) = -2*q(m) - 3*u(m). Determine b(-13).
-5
Let h(g) = 8*g**2 - 34279 - 9*g - g**3 + 34266 + 4*g. Calculate h(7).
1
Let n(d) = d**3 - d**2 - 2*d - 1. Let h(j) = 6*j**3 + 11*j + 5. Let x(t) = 2*t**3 + t. Let l(m) = h(m) - 5*x(m). Let f(o) = l(o) + 3*n(o). Determine f(-2).
-2
Let o(h) = -5*h + 4*h + 2*h + 3. Suppose -2*p + k - 39 = 0, -2*p - 5*k - 27 = -6. Let y(t) = -2*t - 31. Let l be y(p). Calculate o(l).
8
Let j(u) be the first derivative of -u**4/2 - u**3 - u**2/2 + u + 4586. Calculate j(-3).
31
Let v = 2240 + -2236. Let z(b) be the first derivative of -b**3/3 + 5*b**2/2 + 2*b + 1. Calculate z(v).
6
Let y(s) = -s**3 - s**2 + s + 60. Let z(f) = -5*f**2 - 179*f - 306. Let c be z(-34). Calculate y(c).
60
Suppose 5*t + 51 = 3*t + h, t + h + 18 = 0. Let v(g) = g**2 + 22*g - 29. What is v(t)?
-6
Let g = 281 + -278. Let j(t) = 3*t**3 + 3*t**2 - 13*t + 2. Let r(q) = -1 + 3*q + 2*q**3 - q**3 + 3*q - 2*q**3 - 2*q**2. Let b(a) = -2*j(a) - 5*r(a). Give b(g).
-2
Let l = -378 + 384. Let k(i) = -i**3 + 5*i**2 + 11*i - 34. Let w be k(l). Let d(r) = 3*r - 5. What is d(w)?
-17
Let i(h) = -h - 67. Let z be (185/37 + (-9)/2)*0. What is i(z)?
-67
Let s(z) = -z**3 - 6*z**2 - 7*z - 4. Let d = 403 - 407. Calculate s(d).
-8
Let d(z) = -z**3 + 13*z**2 - z + 8. Let b = 275 + -271. Suppose b*g - 5*k = 52, -5*k = -g - 6*k + 13. What is d(g)?
-5
Let v be 0 - ((-9)/((-9)/16))/(-2). Let b(j) = 12 - 6 + 8*j - 8 + 3 - j**2. What is b(v)?
1
Let u(q) = 13*q**2 + 5*q. Let s = -6 - -4. Let x(g) = -6*g**2 - 2*g. Let t(l) = s*u(l) - 5*x(l). Suppose -1844*f - 4447 + 413 = -346. Give t(f).
16
Let t(g) be the first derivative of -g + 95 - g**2 - 7/3*g**3. Let w = 4 + -5. Calculate t(w).
-6
Let v be ((-78)/4)/((-666)/(-444)). Let s(c) = -c**2 - 18*c - 16. Determine s(v).
49
Suppose -21 = 8*o - 5*o + y, 3 = -o + y. Let k(x) = -20*x - 121. What is k(o)?
-1
Let n(d) = -6356 + 18*d + 3156 + 3145. Calculate n(3).
-1
Let j(z) be the second derivative of 4*z**3/3 - 15*z**2 + 5*z - 80. Give j(4).
2
Let y(i) = 27*i**3 + 1. Suppose 5*s - 5 = -5*x, 51 = -5*x + 61. Calculate y(s).
-26
Let z(a) = -23*a**2 + 31*a - 67. Let d(r) = 10*r**2 - 9*r + 33. Let p(f) = -7*d(f) - 3*z(f). Determine p(-29).
-1
Let i(u) = -u**2 + 19*u - 17. Let d be (-3 + (-57)/15)/(76/(-190)). Calculate i(d).
17
Let a(h) = 2*h - 101. Let o(q) = -q + 16. Let z(t) = -a(t) - 7*o(t). What is z(8)?
29
Let b(f) = -7*f**2 - 29*f - 297. Let j(r) = 15*r**2 + 57*r + 622. Let s(a) = -13*b(a) - 6*j(a). Calculate s(-31).
5
Suppose 0 = 49*n - 38*n - 2002. Let h(s) = n*s**3 + s - 97*s**3 - 87*s**3. Calculate h(-2).
14
Let c = -5761 + 5769. Let x(n) = -n**2 + 9*n - 6. Calculate x(c).
2
Let k(o) = o**2 + 3363*o + 2*o**3 + 3367*o - 10099*o + 3368*o + 2. Let n(s) = -s - 28. Let g be n(0). Let y be g/16 + 2/(-8). What is k(y)?
-8
Let t(f) = -f + 2. Let v(y) = -75*y - 9. Let x be v(-2). Suppose x = -0*d + 3*d. Let q = -43 + d. Give t(q).
-2
Let q be 7 + (0 + -7)*1. Let x(a) be the second derivative of -a**4/12 + 3*a**2/2 - 10*a - 1. Give x(q).
3
Let h(w) = -w**2 - 7*w. Let c be h(-5). Suppose 0 = 29*f - 181 - 312. Suppose -f*v - c = -12*v. Let r(u) = 3*u + 1. What is r(v)?
-5
Let y be (112/10)/(-1) - (-40)/200. Let u(x) = -x**2 - 12*x - 8. Give u(y).
3
Let k(m) = 381*m - 2686. Let j be k(7). Let n(d) = d**3 + 18*d**2 - 21*d - 22. Determine n(j).
16
Let h(n) be the second derivative of 10*n - 1/6*n**3 + 1/120*n**6 + 1/8*n**4 + 0 - 9/2*n**2 - 1/20*n**5. Let p(t) be the first derivative of h(t). What is p(2)?
1
Let j(y) = -3*y**2 + 0*y**2 - 2*y + 3*y**3 - 2 - 4*y**3. Suppose -108*q + 83*q + 9700 = 0. Let w = q - 391. Determine j(w).
4
Suppose 89 - 82 = 5*y - n, -3*y + 21 = 5*n. Let f = 0 - 1. Let j(d) = -d - 1. Let p(q) = 1. Let r(a) = f*p(a) + y*j(a). Give r(-2).
1
Let k(a) = -6 - 5 + a**2 - 1 + 14 + 2 + 11*a. Let w(m) = 8*m**3 - 2*m**2 - 2*m - 1. Let b be w(-1). What is k(b)?
-14
Let i = 891 + -504. Suppose 0 = -7*h + 72 - i. Let r be -6*(-3)/(h/(-10)). Let b(t) = t**3 - 2*t**2 - 5*t - 3. What is b(r)?
9
Let g(f) = 2*f**2 + 77*f - 843. Let b be g(9). Let c(h) = h**3 - 11*h**2 - 6. What is c(b)?
138
Let g(x) be the third derivative of x**6/120 - x**5/12 + x**4/12 + x**3/3 + x**2. Let r = 172 + -117. Suppose -t - 51 = -r. Determine g(t).
-6
Let w(b) = -b**2 + 18*b - 57. Let v be w(5). Let g be (-36)/(-20) + v/(-10). Let t(z) = z**2 + 2*z - 1. Calculate t(g).
2
Suppose -x + 2*z - 5*z + 9 = 0, -3*z = 2*x - 12. Let m(u) = -u + 13. Let y be m(9). Let f(j) = -y + 6 - j - 11 + 5. What is f(x)?
-7
Let d(o) be the second derivative of 7*o**6/720 - 3*o**5/20 + o**4/6 + 89*o**3/6 + 9*o - 1. Let g(y) be the third derivative of d(y). What is g(4)?
10
Let i(w) = w + 0*w - 10 - 3*w. Suppose 31*v = 110 + 45. Suppose 3*x = -v*b - 41, -2*b + 8 = -4*b - 4*x. Calculate i(b).
10
Let c(m) = -3029*m + 6050*m - 127 - 3032*m. What is c(-12)?
5
Let w(o) = -10*o - 1. Let